{"id":1840,"date":"2014-03-07T13:50:58","date_gmt":"2014-03-07T12:50:58","guid":{"rendered":"http:\/\/www.hahnzog.de\/organisationsberatung\/?page_id=1840"},"modified":"2025-02-05T21:54:32","modified_gmt":"2025-02-05T20:54:32","slug":"impressionen","status":"publish","type":"page","link":"https:\/\/www.hahnzog.de\/organisationsberatung\/impressionen","title":{"rendered":"Impressionen"},"content":{"rendered":"<p><span style=\"color: #000000;\">Damit Sie eine greifbare Vorstellung von unserer Arbeitsweise erhalten, haben wir im Folgenden ausgew\u00e4hlte Vortr\u00e4ge, Presseberichte und Publikationen zusammengestellt:<\/span><\/p>\n<ul>\n<li><a title=\"Bild &amp; Ton\" href=\"http:\/\/www.hahnzog.de\/organisationsberatung\/bild-ton\">Bild &amp; Ton<\/a>:<br \/>\n<span style=\"color: #000000;\">Vortr\u00e4ge und Interviews von und mit Dr. Simon Hahnzog.<\/span><\/li>\n<li><a title=\"Presse\" href=\"http:\/\/www.hahnzog.de\/organisationsberatung\/presse\">Presse<\/a>:<br \/>\n<span style=\"color: #000000;\">Berichte aus der Tagespresse \u00fcber die Arbeit von Dr. Simon Hahnzog bzw. der hahnzog &#8211; organisationsberatung.<\/span><\/li>\n<li><a title=\"Publikationen\" href=\"http:\/\/www.hahnzog.de\/organisationsberatung\/literatur\/publikationen\">Publikationen<\/a>:<br \/>\n<span style=\"color: #000000;\">B\u00fccher und andere Aufs\u00e4tze zu Themen, die uns bewegen.<\/span><\/li>\n<li><a title=\"Lexikon\" href=\"http:\/\/www.hahnzog.de\/organisationsberatung\/lexikon\">Zum Mitnehmen<\/a>:<br \/>\n<span style=\"color: #000000;\">In unserem Lexikon stellen wir zahlreiche Skripte und Pr\u00e4sentationen aus Seminaren und anderen Veranstaltungen zum Download bereit<\/span><\/li>\n<\/ul>\n<p><span style=\"color: #000000;\">Sollten Sie Fragen zu einem der Beitr\u00e4ge haben oder eine Interviewanfrage an Dr. Hahnzog haben, so wenden Sie sich gerne an uns &#8211; wir freuen uns \u00fcber Ihren <\/span><a title=\"Kontakt\" href=\"http:\/\/www.hahnzog.de\/organisationsberatung\/kontakt\" target=\"_blank\" rel=\"noopener noreferrer\">Kontakt<\/a>.<\/p>\n<h4><span style=\"color: #1671af;\"><strong>\u00a0<\/strong><\/span><\/h4>\n","protected":false},"excerpt":{"rendered":"<p>Damit Sie eine greifbare Vorstellung von unserer Arbeitsweise erhalten, haben wir im Folgenden ausgew\u00e4hlte Vortr\u00e4ge, Presseberichte und Publikationen zusammengestellt: Bild &amp; Ton: Vortr\u00e4ge und Interviews von und mit Dr. Simon Hahnzog. Presse: Berichte aus der Tagespresse \u00fcber die Arbeit von<\/p>\n","protected":false},"author":1,"featured_media":0,"parent":0,"menu_order":0,"comment_status":"closed","ping_status":"closed","template":"","meta":{"footnotes":""},"class_list":["post-1840","page","type-page","status-publish","hentry"],"yoast_head":"<!-- This site is optimized with the Yoast SEO plugin v27.4 - https:\/\/yoast.com\/product\/yoast-seo-wordpress\/ -->\n<title>Impressionen - hahnzog - organisationsberatung<\/title>\n<meta name=\"robots\" content=\"index, follow, max-snippet:-1, max-image-preview:large, max-video-preview:-1\" \/>\n<link rel=\"canonical\" href=\"https:\/\/www.hahnzog.de\/organisationsberatung\/impressionen\" \/>\n<meta property=\"og:locale\" content=\"de_DE\" \/>\n<meta property=\"og:type\" content=\"article\" \/>\n<meta property=\"og:title\" content=\"Impressionen - hahnzog - organisationsberatung\" \/>\n<meta property=\"og:description\" content=\"Damit Sie eine greifbare Vorstellung von unserer Arbeitsweise erhalten, haben wir im Folgenden ausgew\u00e4hlte Vortr\u00e4ge, Presseberichte und Publikationen zusammengestellt: Bild &amp; Ton: Vortr\u00e4ge und Interviews von und mit Dr. Simon Hahnzog. Presse: Berichte aus der Tagespresse \u00fcber die Arbeit von\" \/>\n<meta property=\"og:url\" content=\"https:\/\/www.hahnzog.de\/organisationsberatung\/impressionen\" \/>\n<meta property=\"og:site_name\" content=\"hahnzog - organisationsberatung\" \/>\n<meta property=\"article:modified_time\" content=\"2025-02-05T20:54:32+00:00\" \/>\n<meta name=\"twitter:card\" content=\"summary_large_image\" \/>\n<meta name=\"twitter:label1\" content=\"Gesch\u00e4tzte Lesezeit\" \/>\n\t<meta name=\"twitter:data1\" content=\"1\u00a0Minute\" \/>\n<script type=\"application\/ld+json\" class=\"yoast-schema-graph\">{\"@context\":\"https:\\\/\\\/schema.org\",\"@graph\":[{\"@type\":\"WebPage\",\"@id\":\"https:\\\/\\\/www.hahnzog.de\\\/organisationsberatung\\\/impressionen\",\"url\":\"https:\\\/\\\/www.hahnzog.de\\\/organisationsberatung\\\/impressionen\",\"name\":\"Impressionen - hahnzog - organisationsberatung\",\"isPartOf\":{\"@id\":\"https:\\\/\\\/www.hahnzog.de\\\/organisationsberatung\\\/#website\"},\"datePublished\":\"2014-03-07T12:50:58+00:00\",\"dateModified\":\"2025-02-05T20:54:32+00:00\",\"breadcrumb\":{\"@id\":\"https:\\\/\\\/www.hahnzog.de\\\/organisationsberatung\\\/impressionen#breadcrumb\"},\"inLanguage\":\"de\",\"potentialAction\":[{\"@type\":\"ReadAction\",\"target\":[\"https:\\\/\\\/www.hahnzog.de\\\/organisationsberatung\\\/impressionen\"]}]},{\"@type\":\"BreadcrumbList\",\"@id\":\"https:\\\/\\\/www.hahnzog.de\\\/organisationsberatung\\\/impressionen#breadcrumb\",\"itemListElement\":[{\"@type\":\"ListItem\",\"position\":1,\"name\":\"Startseite\",\"item\":\"https:\\\/\\\/www.hahnzog.de\\\/organisationsberatung\\\/\"},{\"@type\":\"ListItem\",\"position\":2,\"name\":\"Impressionen\"}]},{\"@type\":\"WebSite\",\"@id\":\"https:\\\/\\\/www.hahnzog.de\\\/organisationsberatung\\\/#website\",\"url\":\"https:\\\/\\\/www.hahnzog.de\\\/organisationsberatung\\\/\",\"name\":\"hahnzog - organisationsberatung\",\"description\":\"Gesunde Unternehmen gestalten\",\"publisher\":{\"@id\":\"https:\\\/\\\/www.hahnzog.de\\\/organisationsberatung\\\/#organization\"},\"potentialAction\":[{\"@type\":\"SearchAction\",\"target\":{\"@type\":\"EntryPoint\",\"urlTemplate\":\"https:\\\/\\\/www.hahnzog.de\\\/organisationsberatung\\\/?s={search_term_string}\"},\"query-input\":{\"@type\":\"PropertyValueSpecification\",\"valueRequired\":true,\"valueName\":\"search_term_string\"}}],\"inLanguage\":\"de\"},{\"@type\":\"Organization\",\"@id\":\"https:\\\/\\\/www.hahnzog.de\\\/organisationsberatung\\\/#organization\",\"name\":\"hahnzog Organisationsberatung\",\"url\":\"https:\\\/\\\/www.hahnzog.de\\\/organisationsberatung\\\/\",\"logo\":{\"@type\":\"ImageObject\",\"inLanguage\":\"de\",\"@id\":\"https:\\\/\\\/www.hahnzog.de\\\/organisationsberatung\\\/#\\\/schema\\\/logo\\\/image\\\/\",\"url\":\"https:\\\/\\\/www.hahnzog.de\\\/organisationsberatung\\\/wp-content\\\/uploads\\\/2017\\\/07\\\/Logo_Hahnzog.png\",\"contentUrl\":\"https:\\\/\\\/www.hahnzog.de\\\/organisationsberatung\\\/wp-content\\\/uploads\\\/2017\\\/07\\\/Logo_Hahnzog.png\",\"width\":286,\"height\":98,\"caption\":\"hahnzog Organisationsberatung\"},\"image\":{\"@id\":\"https:\\\/\\\/www.hahnzog.de\\\/organisationsberatung\\\/#\\\/schema\\\/logo\\\/image\\\/\"}}]}<\/script>\n<!-- \/ Yoast SEO plugin. -->","yoast_head_json":{"title":"Impressionen - hahnzog - organisationsberatung","robots":{"index":"index","follow":"follow","max-snippet":"max-snippet:-1","max-image-preview":"max-image-preview:large","max-video-preview":"max-video-preview:-1"},"canonical":"https:\/\/www.hahnzog.de\/organisationsberatung\/impressionen","og_locale":"de_DE","og_type":"article","og_title":"Impressionen - hahnzog - organisationsberatung","og_description":"Damit Sie eine greifbare Vorstellung von unserer Arbeitsweise erhalten, haben wir im Folgenden ausgew\u00e4hlte Vortr\u00e4ge, Presseberichte und Publikationen zusammengestellt: Bild &amp; Ton: Vortr\u00e4ge und Interviews von und mit Dr. Simon Hahnzog. Presse: Berichte aus der Tagespresse \u00fcber die Arbeit von","og_url":"https:\/\/www.hahnzog.de\/organisationsberatung\/impressionen","og_site_name":"hahnzog - organisationsberatung","article_modified_time":"2025-02-05T20:54:32+00:00","twitter_card":"summary_large_image","twitter_misc":{"Gesch\u00e4tzte Lesezeit":"1\u00a0Minute"},"schema":{"@context":"https:\/\/schema.org","@graph":[{"@type":"WebPage","@id":"https:\/\/www.hahnzog.de\/organisationsberatung\/impressionen","url":"https:\/\/www.hahnzog.de\/organisationsberatung\/impressionen","name":"Impressionen - hahnzog - organisationsberatung","isPartOf":{"@id":"https:\/\/www.hahnzog.de\/organisationsberatung\/#website"},"datePublished":"2014-03-07T12:50:58+00:00","dateModified":"2025-02-05T20:54:32+00:00","breadcrumb":{"@id":"https:\/\/www.hahnzog.de\/organisationsberatung\/impressionen#breadcrumb"},"inLanguage":"de","potentialAction":[{"@type":"ReadAction","target":["https:\/\/www.hahnzog.de\/organisationsberatung\/impressionen"]}]},{"@type":"BreadcrumbList","@id":"https:\/\/www.hahnzog.de\/organisationsberatung\/impressionen#breadcrumb","itemListElement":[{"@type":"ListItem","position":1,"name":"Startseite","item":"https:\/\/www.hahnzog.de\/organisationsberatung\/"},{"@type":"ListItem","position":2,"name":"Impressionen"}]},{"@type":"WebSite","@id":"https:\/\/www.hahnzog.de\/organisationsberatung\/#website","url":"https:\/\/www.hahnzog.de\/organisationsberatung\/","name":"hahnzog - organisationsberatung","description":"Gesunde Unternehmen gestalten","publisher":{"@id":"https:\/\/www.hahnzog.de\/organisationsberatung\/#organization"},"potentialAction":[{"@type":"SearchAction","target":{"@type":"EntryPoint","urlTemplate":"https:\/\/www.hahnzog.de\/organisationsberatung\/?s={search_term_string}"},"query-input":{"@type":"PropertyValueSpecification","valueRequired":true,"valueName":"search_term_string"}}],"inLanguage":"de"},{"@type":"Organization","@id":"https:\/\/www.hahnzog.de\/organisationsberatung\/#organization","name":"hahnzog Organisationsberatung","url":"https:\/\/www.hahnzog.de\/organisationsberatung\/","logo":{"@type":"ImageObject","inLanguage":"de","@id":"https:\/\/www.hahnzog.de\/organisationsberatung\/#\/schema\/logo\/image\/","url":"https:\/\/www.hahnzog.de\/organisationsberatung\/wp-content\/uploads\/2017\/07\/Logo_Hahnzog.png","contentUrl":"https:\/\/www.hahnzog.de\/organisationsberatung\/wp-content\/uploads\/2017\/07\/Logo_Hahnzog.png","width":286,"height":98,"caption":"hahnzog Organisationsberatung"},"image":{"@id":"https:\/\/www.hahnzog.de\/organisationsberatung\/#\/schema\/logo\/image\/"}}]}},"_links":{"self":[{"href":"https:\/\/www.hahnzog.de\/organisationsberatung\/wp-json\/wp\/v2\/pages\/1840","targetHints":{"allow":["GET"]}}],"collection":[{"href":"https:\/\/www.hahnzog.de\/organisationsberatung\/wp-json\/wp\/v2\/pages"}],"about":[{"href":"https:\/\/www.hahnzog.de\/organisationsberatung\/wp-json\/wp\/v2\/types\/page"}],"author":[{"embeddable":true,"href":"https:\/\/www.hahnzog.de\/organisationsberatung\/wp-json\/wp\/v2\/users\/1"}],"replies":[{"embeddable":true,"href":"https:\/\/www.hahnzog.de\/organisationsberatung\/wp-json\/wp\/v2\/comments?post=1840"}],"version-history":[{"count":46,"href":"https:\/\/www.hahnzog.de\/organisationsberatung\/wp-json\/wp\/v2\/pages\/1840\/revisions"}],"predecessor-version":[{"id":3601,"href":"https:\/\/www.hahnzog.de\/organisationsberatung\/wp-json\/wp\/v2\/pages\/1840\/revisions\/3601"}],"wp:attachment":[{"href":"https:\/\/www.hahnzog.de\/organisationsberatung\/wp-json\/wp\/v2\/media?parent=1840"}],"curies":[{"name":"wp","href":"https:\/\/api.w.org\/{rel}","templated":true}]}}