{"id":5,"date":"2011-05-03T17:32:03","date_gmt":"2011-05-03T17:32:03","guid":{"rendered":"http:\/\/www.hahnzog.de\/organisationsberatung\/?page_id=5"},"modified":"2022-01-25T17:48:12","modified_gmt":"2022-01-25T16:48:12","slug":"leistung","status":"publish","type":"page","link":"https:\/\/www.hahnzog.de\/organisationsberatung\/leistung","title":{"rendered":"Leistungsspektrum"},"content":{"rendered":"<div class=\"art-content-layout layout-item-0\">\n<div class=\"art-content-layout-row\">\n<div class=\"art-layout-cell layout-item-2\" style=\"width: 100%;\">&nbsp;<\/div>\n<\/div>\n<\/div>\n<h1>Betriebliche Gesundheitsf\u00f6rderung<\/h1>\n<p><span style=\"color: #000000;\">Insbesondere mittelst\u00e4ndische Unternehmen haben h\u00e4ufig nicht die personellen oder strukturellen Ressourcen, um nachhaltige Betriebliche Gesundheitsf\u00f6rderung zu gestalten. Wir stellen Ihne ma\u00dfkonfektionierte L\u00f6sungen zur Verf\u00fcgung, damit Sie und Ihre Mitarbeiter*innen sich mit voller Kraft auf das konzentrieren k\u00f6nnen, was Ihr Unternehmen braucht: Ihre motivierte Mitarbeit.<\/span><\/p>\n<table width=\"100%\">\n<tbody>\n<tr>\n<td style=\"width: 20.2101%;\">\n<h3><img loading=\"lazy\" decoding=\"async\" class=\"wp-image-2939 aligncenter\" src=\"http:\/\/www.hahnzog.de\/organisationsberatung\/wp-content\/uploads\/2011\/05\/icon_unternehmen.jpg\" width=\"124\" height=\"120\" srcset=\"https:\/\/www.hahnzog.de\/organisationsberatung\/wp-content\/uploads\/2011\/05\/icon_unternehmen.jpg 162w, https:\/\/www.hahnzog.de\/organisationsberatung\/wp-content\/uploads\/2011\/05\/icon_unternehmen-103x100.jpg 103w\" sizes=\"auto, (max-width: 124px) 100vw, 124px\" \/><\/h3>\n<\/td>\n<td style=\"width: 76.7899%;\">\n<h3><span style=\"color: #000000;\">Gesunde Unternehmen<\/span><\/h3>\n<p><span style=\"color: #000000;\">Das Unternehmen vereint alle Beteiligten, ihre Aufgaben, ihre Bed\u00fcrfnisse und ihre Interaktion.<\/span><\/p>\n<p><span style=\"color: #000000;\">Legen Sie den Grundstein f\u00fcr ein gesundes Unternehmen. Durch die<\/span> <a href=\"http:\/\/www.hahnzog.de\/organisationsberatung\/psychische-gefaehrdungsbeurteilung\"><strong>psychsiche Gef\u00e4hrdungsbeurteilung<\/strong><\/a> <span style=\"color: #000000;\">erkennen Sie Schwachstellen und k\u00f6nnen diesen mit gezielten Ma\u00dfnahmen entgegenwirken.<\/span><\/td>\n<\/tr>\n<tr>\n<td style=\"width: 20.2101%;\">\n<h3><img loading=\"lazy\" decoding=\"async\" class=\"wp-image-2895 aligncenter\" src=\"http:\/\/www.hahnzog.de\/organisationsberatung\/wp-content\/uploads\/2014\/10\/icon_beratung.jpg\" width=\"124\" height=\"120\" srcset=\"https:\/\/www.hahnzog.de\/organisationsberatung\/wp-content\/uploads\/2014\/10\/icon_beratung.jpg 162w, https:\/\/www.hahnzog.de\/organisationsberatung\/wp-content\/uploads\/2014\/10\/icon_beratung-103x100.jpg 103w\" sizes=\"auto, (max-width: 124px) 100vw, 124px\" \/><\/h3>\n<\/td>\n<td style=\"width: 76.7899%;\">\n<h3><span style=\"color: #000000;\">Gesunde F\u00fchrung<\/span><\/h3>\n<p><span style=\"color: #000000;\">Die Leitung von Mitarbeiter*innen erfordert mehr, als sie nur zu managen. Schlie\u00dflich haben Menschen mit Menschen zu tun.<\/span><\/p>\n<p><span style=\"color: #000000;\">Schulen und sensibilisieren Sie Ihre F\u00fcrungskr\u00e4fte mit unseren<\/span><a href=\"http:\/\/www.hahnzog.de\/organisationsberatung\/leistung\/fuer-fuehrungskraefte\"> eTrainings und Seminaren<\/a>. <span style=\"color: #000000;\">Wissenschaftlich fundiert und praxiserprobt unterst\u00fctzen wir Sie bei der Auswahl der richtigen Ma\u00dfnahmen.<\/span><\/td>\n<\/tr>\n<tr>\n<td style=\"width: 20.2101%;\">\n<h3><img loading=\"lazy\" decoding=\"async\" class=\"wp-image-2938 aligncenter\" src=\"http:\/\/www.hahnzog.de\/organisationsberatung\/wp-content\/uploads\/2011\/05\/icon_mitarbeiter.jpg\" width=\"124\" height=\"120\" srcset=\"https:\/\/www.hahnzog.de\/organisationsberatung\/wp-content\/uploads\/2011\/05\/icon_mitarbeiter.jpg 162w, https:\/\/www.hahnzog.de\/organisationsberatung\/wp-content\/uploads\/2011\/05\/icon_mitarbeiter-103x100.jpg 103w\" sizes=\"auto, (max-width: 124px) 100vw, 124px\" \/><\/h3>\n<\/td>\n<td style=\"width: 76.7899%;\">\n<h3><span style=\"color: #000000;\">Gesunde Mitarbeiter*innen<\/span><\/h3>\n<p><span style=\"color: #000000;\">Individuelle Motive, Ziele und M\u00f6glichkeiten stellen die zentrale Ressource eines Unternehmens dar.<\/span><\/p>\n<p><span style=\"color: #000000;\">Binden Sie Ihre Mitarbeiter*innen aktiv in die <\/span><a href=\"http:\/\/www.hahnzog.de\/organisationsberatung\/leistung\/fuer-mitarbeiterinnen-und-mitarbeiter\">Prozesse zur Gesundheitsf\u00f6rderung<\/a><span style=\"color: #000000;\"> ein.<\/span><\/td>\n<\/tr>\n<\/tbody>\n<\/table>\n","protected":false},"excerpt":{"rendered":"<p>&nbsp; Betriebliche Gesundheitsf\u00f6rderung Insbesondere mittelst\u00e4ndische Unternehmen haben h\u00e4ufig nicht die personellen oder strukturellen Ressourcen, um nachhaltige Betriebliche Gesundheitsf\u00f6rderung zu gestalten. Wir stellen Ihne ma\u00dfkonfektionierte L\u00f6sungen zur Verf\u00fcgung, damit Sie und Ihre Mitarbeiter*innen sich mit voller Kraft auf das konzentrieren k\u00f6nnen,<\/p>\n","protected":false},"author":1,"featured_media":0,"parent":0,"menu_order":1,"comment_status":"closed","ping_status":"closed","template":"","meta":{"footnotes":""},"class_list":["post-5","page","type-page","status-publish","hentry"],"yoast_head":"<!-- This site is optimized with the Yoast SEO plugin v27.4 - https:\/\/yoast.com\/product\/yoast-seo-wordpress\/ -->\n<title>Leistungsspektrum - hahnzog - organisationsberatung<\/title>\n<meta name=\"robots\" content=\"index, follow, max-snippet:-1, max-image-preview:large, max-video-preview:-1\" \/>\n<link rel=\"canonical\" href=\"https:\/\/www.hahnzog.de\/organisationsberatung\/leistung\" \/>\n<meta property=\"og:locale\" content=\"de_DE\" \/>\n<meta property=\"og:type\" content=\"article\" \/>\n<meta property=\"og:title\" content=\"Leistungsspektrum - hahnzog - organisationsberatung\" \/>\n<meta property=\"og:description\" content=\"&nbsp; Betriebliche Gesundheitsf\u00f6rderung Insbesondere mittelst\u00e4ndische Unternehmen haben h\u00e4ufig nicht die personellen oder strukturellen Ressourcen, um nachhaltige Betriebliche Gesundheitsf\u00f6rderung zu gestalten. Wir stellen Ihne ma\u00dfkonfektionierte L\u00f6sungen zur Verf\u00fcgung, damit Sie und Ihre Mitarbeiter*innen sich mit voller Kraft auf das konzentrieren k\u00f6nnen,\" \/>\n<meta property=\"og:url\" content=\"https:\/\/www.hahnzog.de\/organisationsberatung\/leistung\" \/>\n<meta property=\"og:site_name\" content=\"hahnzog - organisationsberatung\" \/>\n<meta property=\"article:modified_time\" content=\"2022-01-25T16:48:12+00:00\" \/>\n<meta property=\"og:image\" content=\"http:\/\/www.hahnzog.de\/organisationsberatung\/wp-content\/uploads\/2011\/05\/icon_unternehmen.jpg\" \/>\n<meta name=\"twitter:card\" content=\"summary_large_image\" \/>\n<meta name=\"twitter:label1\" content=\"Gesch\u00e4tzte Lesezeit\" \/>\n\t<meta name=\"twitter:data1\" content=\"2\u00a0Minuten\" \/>\n<script type=\"application\/ld+json\" class=\"yoast-schema-graph\">{\"@context\":\"https:\\\/\\\/schema.org\",\"@graph\":[{\"@type\":\"WebPage\",\"@id\":\"https:\\\/\\\/www.hahnzog.de\\\/organisationsberatung\\\/leistung\",\"url\":\"https:\\\/\\\/www.hahnzog.de\\\/organisationsberatung\\\/leistung\",\"name\":\"Leistungsspektrum - hahnzog - organisationsberatung\",\"isPartOf\":{\"@id\":\"https:\\\/\\\/www.hahnzog.de\\\/organisationsberatung\\\/#website\"},\"primaryImageOfPage\":{\"@id\":\"https:\\\/\\\/www.hahnzog.de\\\/organisationsberatung\\\/leistung#primaryimage\"},\"image\":{\"@id\":\"https:\\\/\\\/www.hahnzog.de\\\/organisationsberatung\\\/leistung#primaryimage\"},\"thumbnailUrl\":\"http:\\\/\\\/www.hahnzog.de\\\/organisationsberatung\\\/wp-content\\\/uploads\\\/2011\\\/05\\\/icon_unternehmen.jpg\",\"datePublished\":\"2011-05-03T17:32:03+00:00\",\"dateModified\":\"2022-01-25T16:48:12+00:00\",\"breadcrumb\":{\"@id\":\"https:\\\/\\\/www.hahnzog.de\\\/organisationsberatung\\\/leistung#breadcrumb\"},\"inLanguage\":\"de\",\"potentialAction\":[{\"@type\":\"ReadAction\",\"target\":[\"https:\\\/\\\/www.hahnzog.de\\\/organisationsberatung\\\/leistung\"]}]},{\"@type\":\"ImageObject\",\"inLanguage\":\"de\",\"@id\":\"https:\\\/\\\/www.hahnzog.de\\\/organisationsberatung\\\/leistung#primaryimage\",\"url\":\"http:\\\/\\\/www.hahnzog.de\\\/organisationsberatung\\\/wp-content\\\/uploads\\\/2011\\\/05\\\/icon_unternehmen.jpg\",\"contentUrl\":\"http:\\\/\\\/www.hahnzog.de\\\/organisationsberatung\\\/wp-content\\\/uploads\\\/2011\\\/05\\\/icon_unternehmen.jpg\"},{\"@type\":\"BreadcrumbList\",\"@id\":\"https:\\\/\\\/www.hahnzog.de\\\/organisationsberatung\\\/leistung#breadcrumb\",\"itemListElement\":[{\"@type\":\"ListItem\",\"position\":1,\"name\":\"Startseite\",\"item\":\"https:\\\/\\\/www.hahnzog.de\\\/organisationsberatung\\\/\"},{\"@type\":\"ListItem\",\"position\":2,\"name\":\"Leistungsspektrum\"}]},{\"@type\":\"WebSite\",\"@id\":\"https:\\\/\\\/www.hahnzog.de\\\/organisationsberatung\\\/#website\",\"url\":\"https:\\\/\\\/www.hahnzog.de\\\/organisationsberatung\\\/\",\"name\":\"hahnzog - organisationsberatung\",\"description\":\"Gesunde Unternehmen gestalten\",\"publisher\":{\"@id\":\"https:\\\/\\\/www.hahnzog.de\\\/organisationsberatung\\\/#organization\"},\"potentialAction\":[{\"@type\":\"SearchAction\",\"target\":{\"@type\":\"EntryPoint\",\"urlTemplate\":\"https:\\\/\\\/www.hahnzog.de\\\/organisationsberatung\\\/?s={search_term_string}\"},\"query-input\":{\"@type\":\"PropertyValueSpecification\",\"valueRequired\":true,\"valueName\":\"search_term_string\"}}],\"inLanguage\":\"de\"},{\"@type\":\"Organization\",\"@id\":\"https:\\\/\\\/www.hahnzog.de\\\/organisationsberatung\\\/#organization\",\"name\":\"hahnzog Organisationsberatung\",\"url\":\"https:\\\/\\\/www.hahnzog.de\\\/organisationsberatung\\\/\",\"logo\":{\"@type\":\"ImageObject\",\"inLanguage\":\"de\",\"@id\":\"https:\\\/\\\/www.hahnzog.de\\\/organisationsberatung\\\/#\\\/schema\\\/logo\\\/image\\\/\",\"url\":\"https:\\\/\\\/www.hahnzog.de\\\/organisationsberatung\\\/wp-content\\\/uploads\\\/2017\\\/07\\\/Logo_Hahnzog.png\",\"contentUrl\":\"https:\\\/\\\/www.hahnzog.de\\\/organisationsberatung\\\/wp-content\\\/uploads\\\/2017\\\/07\\\/Logo_Hahnzog.png\",\"width\":286,\"height\":98,\"caption\":\"hahnzog Organisationsberatung\"},\"image\":{\"@id\":\"https:\\\/\\\/www.hahnzog.de\\\/organisationsberatung\\\/#\\\/schema\\\/logo\\\/image\\\/\"}}]}<\/script>\n<!-- \/ Yoast SEO plugin. -->","yoast_head_json":{"title":"Leistungsspektrum - hahnzog - organisationsberatung","robots":{"index":"index","follow":"follow","max-snippet":"max-snippet:-1","max-image-preview":"max-image-preview:large","max-video-preview":"max-video-preview:-1"},"canonical":"https:\/\/www.hahnzog.de\/organisationsberatung\/leistung","og_locale":"de_DE","og_type":"article","og_title":"Leistungsspektrum - hahnzog - organisationsberatung","og_description":"&nbsp; Betriebliche Gesundheitsf\u00f6rderung Insbesondere mittelst\u00e4ndische Unternehmen haben h\u00e4ufig nicht die personellen oder strukturellen Ressourcen, um nachhaltige Betriebliche Gesundheitsf\u00f6rderung zu gestalten. Wir stellen Ihne ma\u00dfkonfektionierte L\u00f6sungen zur Verf\u00fcgung, damit Sie und Ihre Mitarbeiter*innen sich mit voller Kraft auf das konzentrieren k\u00f6nnen,","og_url":"https:\/\/www.hahnzog.de\/organisationsberatung\/leistung","og_site_name":"hahnzog - organisationsberatung","article_modified_time":"2022-01-25T16:48:12+00:00","og_image":[{"url":"http:\/\/www.hahnzog.de\/organisationsberatung\/wp-content\/uploads\/2011\/05\/icon_unternehmen.jpg","type":"","width":"","height":""}],"twitter_card":"summary_large_image","twitter_misc":{"Gesch\u00e4tzte Lesezeit":"2\u00a0Minuten"},"schema":{"@context":"https:\/\/schema.org","@graph":[{"@type":"WebPage","@id":"https:\/\/www.hahnzog.de\/organisationsberatung\/leistung","url":"https:\/\/www.hahnzog.de\/organisationsberatung\/leistung","name":"Leistungsspektrum - hahnzog - organisationsberatung","isPartOf":{"@id":"https:\/\/www.hahnzog.de\/organisationsberatung\/#website"},"primaryImageOfPage":{"@id":"https:\/\/www.hahnzog.de\/organisationsberatung\/leistung#primaryimage"},"image":{"@id":"https:\/\/www.hahnzog.de\/organisationsberatung\/leistung#primaryimage"},"thumbnailUrl":"http:\/\/www.hahnzog.de\/organisationsberatung\/wp-content\/uploads\/2011\/05\/icon_unternehmen.jpg","datePublished":"2011-05-03T17:32:03+00:00","dateModified":"2022-01-25T16:48:12+00:00","breadcrumb":{"@id":"https:\/\/www.hahnzog.de\/organisationsberatung\/leistung#breadcrumb"},"inLanguage":"de","potentialAction":[{"@type":"ReadAction","target":["https:\/\/www.hahnzog.de\/organisationsberatung\/leistung"]}]},{"@type":"ImageObject","inLanguage":"de","@id":"https:\/\/www.hahnzog.de\/organisationsberatung\/leistung#primaryimage","url":"http:\/\/www.hahnzog.de\/organisationsberatung\/wp-content\/uploads\/2011\/05\/icon_unternehmen.jpg","contentUrl":"http:\/\/www.hahnzog.de\/organisationsberatung\/wp-content\/uploads\/2011\/05\/icon_unternehmen.jpg"},{"@type":"BreadcrumbList","@id":"https:\/\/www.hahnzog.de\/organisationsberatung\/leistung#breadcrumb","itemListElement":[{"@type":"ListItem","position":1,"name":"Startseite","item":"https:\/\/www.hahnzog.de\/organisationsberatung\/"},{"@type":"ListItem","position":2,"name":"Leistungsspektrum"}]},{"@type":"WebSite","@id":"https:\/\/www.hahnzog.de\/organisationsberatung\/#website","url":"https:\/\/www.hahnzog.de\/organisationsberatung\/","name":"hahnzog - organisationsberatung","description":"Gesunde Unternehmen gestalten","publisher":{"@id":"https:\/\/www.hahnzog.de\/organisationsberatung\/#organization"},"potentialAction":[{"@type":"SearchAction","target":{"@type":"EntryPoint","urlTemplate":"https:\/\/www.hahnzog.de\/organisationsberatung\/?s={search_term_string}"},"query-input":{"@type":"PropertyValueSpecification","valueRequired":true,"valueName":"search_term_string"}}],"inLanguage":"de"},{"@type":"Organization","@id":"https:\/\/www.hahnzog.de\/organisationsberatung\/#organization","name":"hahnzog Organisationsberatung","url":"https:\/\/www.hahnzog.de\/organisationsberatung\/","logo":{"@type":"ImageObject","inLanguage":"de","@id":"https:\/\/www.hahnzog.de\/organisationsberatung\/#\/schema\/logo\/image\/","url":"https:\/\/www.hahnzog.de\/organisationsberatung\/wp-content\/uploads\/2017\/07\/Logo_Hahnzog.png","contentUrl":"https:\/\/www.hahnzog.de\/organisationsberatung\/wp-content\/uploads\/2017\/07\/Logo_Hahnzog.png","width":286,"height":98,"caption":"hahnzog Organisationsberatung"},"image":{"@id":"https:\/\/www.hahnzog.de\/organisationsberatung\/#\/schema\/logo\/image\/"}}]}},"_links":{"self":[{"href":"https:\/\/www.hahnzog.de\/organisationsberatung\/wp-json\/wp\/v2\/pages\/5","targetHints":{"allow":["GET"]}}],"collection":[{"href":"https:\/\/www.hahnzog.de\/organisationsberatung\/wp-json\/wp\/v2\/pages"}],"about":[{"href":"https:\/\/www.hahnzog.de\/organisationsberatung\/wp-json\/wp\/v2\/types\/page"}],"author":[{"embeddable":true,"href":"https:\/\/www.hahnzog.de\/organisationsberatung\/wp-json\/wp\/v2\/users\/1"}],"replies":[{"embeddable":true,"href":"https:\/\/www.hahnzog.de\/organisationsberatung\/wp-json\/wp\/v2\/comments?post=5"}],"version-history":[{"count":154,"href":"https:\/\/www.hahnzog.de\/organisationsberatung\/wp-json\/wp\/v2\/pages\/5\/revisions"}],"predecessor-version":[{"id":3342,"href":"https:\/\/www.hahnzog.de\/organisationsberatung\/wp-json\/wp\/v2\/pages\/5\/revisions\/3342"}],"wp:attachment":[{"href":"https:\/\/www.hahnzog.de\/organisationsberatung\/wp-json\/wp\/v2\/media?parent=5"}],"curies":[{"name":"wp","href":"https:\/\/api.w.org\/{rel}","templated":true}]}}